 - 7*q + 4*q. What is d(a)?
9
Suppose -i = -13*i - 156. Let g(n) = n**2 + 13*n - 12. Determine g(i).
-12
Let n = -343 + 345. Let l = 5 - 3. Suppose 24 = n*c + l*c. Let s(b) = b**3 - 5*b**2 - 7*b - 6. Give s(c).
-12
Let h(n) = -4 + 6*n + 2*n**2 - n**2 - 1 - 2*n. Suppose 3*r - 6 = -3*z - 30, r + 14 = -3*z. Give h(r).
0
Let v(a) be the third derivative of a**5/30 + a**4/24 + a**3/6 + 407*a**2. Let r = 2 + -3. Determine v(r).
2
Let k(z) = z - 2. Let t(x) = -7*x + 6. Let c(v) = 29*v - 23. Let g(n) = -2*c(n) - 9*t(n). Let r(j) = -2*g(j) + 9*k(j). Calculate r(-1).
-1
Suppose 2*r + 3*r = 0. Suppose -3*l = -3*c - 22 - 2, r = 2*c - 4*l + 20. Let k(q) = 13568*q**2 - 6*q + 3 + 13563*q**2 - 27132*q**2. Determine k(c).
3
Let t(f) = -14*f. Suppose -2*q - 10 = -4*m, 0 = q - 11*m + 13*m - 7. What is t(q)?
-14
Suppose 4*s + 41 = s - u, 3*s - 3*u + 33 = 0. Let c(k) = -k**2 - 14*k - 7. Calculate c(s).
6
Let j(z) = -7*z - 7. Let d(t) = 2*t + 2. Let k(n) = 14*d(n) + 5*j(n). Let c(i) = 5*i + 7. Let l(o) = 4*c(o) + 3*k(o). Determine l(-8).
15
Let x(p) = p + 3. Let y(f) = -f + 12. Let l be y(11). Suppose -d = 4 - l. Give x(d).
0
Let x(w) = -w - 1. Let j = 46 - 49. Let k(i) = 4*i + 2. Let y(u) = j*x(u) - k(u). Calculate y(7).
-6
Suppose 2*t - 9 = 5. Let b(x) = 3*x**2 - 4*x**2 - 7*x**3 + 2*x - 5 + t*x**2 + 6*x**3. Determine b(6).
7
Let r(x) = 1890*x + 6 + 1887*x - 3773*x - 9. Suppose 2*o + 0 = 4. Calculate r(o).
5
Let l(c) be the first derivative of c**5/120 + c**4/12 - 14*c**3/3 - 4. Let i(r) be the third derivative of l(r). Give i(0).
2
Let u(v) be the first derivative of 3/2*v**2 + 0*v + 1/12*v**4 + v**3 - 3. Let q(p) be the second derivative of u(p). Give q(-6).
-6
Suppose 3*f + 18 = -2*b, 5*b = 4*b - 3*f - 15. Let d be (-12)/(-4) + b - -3. Let t(z) = -3 - 1 + 2*z + 3. Give t(d).
5
Let u = 1030 - 1018. Let r(k) = k**3 - 11*k**2 - 11*k - 21. Calculate r(u).
-9
Let i(d) be the first derivative of -d**2/2 + 2*d - 40. Calculate i(3).
-1
Let f = 0 - 5. Let a(p) = -21*p - 12. Let h(c) = 67*c + 37. Let j(r) = 16*a(r) + 5*h(r). Give j(f).
-2
Suppose j + 4*q + 3 = 0, j + 3*q = -j - 6. Let o(t) = -2*t. Determine o(j).
6
Suppose -2*v + 15 = 13. Let n(z) = v + z - 1 - z**2 + 4 - 7. Calculate n(0).
-3
Suppose w + 11*w - 288 = 0. Let i be (7/(-2) - -1)/(w/48). Let x(q) = q**2 + q - 7. Give x(i).
13
Let f(d) = d**3 + 4*d**2 - 5*d - 4. Let u be (70/6)/((-15)/(-45)). Let w = u - 39. Give f(w).
16
Let a = -32 + 25. Let w(o) = -o - 17. Give w(a).
-10
Let g be 45/9 - (-1 - -1). Let x(f) = 0 - 6 + g + f. Suppose 4 - 22 = -3*p. Calculate x(p).
5
Let o be (14/(-4))/(-1) - (-6)/(-4). Let n(r) = -o*r**3 - 4*r + 0 + 5*r + 6 + r**2 + r**3. Determine n(0).
6
Let y(l) be the first derivative of -l**4/24 + l**3/2 - 9*l**2/2 + 7. Let r(s) be the second derivative of y(s). Give r(7).
-4
Let m(u) = -u**2 + 3*u + 2. Let b(i) = 3*i**2 - 5*i - 4. Suppose -4*a - 63 + 23 = 4*c, -2*a = 5*c + 35. Let w(n) = a*m(n) - 2*b(n). Determine w(-5).
-2
Let c = 29 - 31. Let y be (0 + 1*-14)/c. Let h(i) = i - 3. Give h(y).
4
Let w = -216 - -214. Let i(v) = -v**3 - v**2 - 2*v - 3. Calculate i(w).
5
Suppose w - i + 3 = 0, 11 = -3*w - 0*w + 4*i. Let x be ((-8)/(-1 + 5))/w. Let q(n) = -2*n**3 - 2*n**2 + 5*n**3 + 2*n - 2*n**3. Give q(x).
4
Let t(n) = n - 1. Let v = -13 + 32. Let b = -19 + v. Let w be -3*8/(-12) + b. Give t(w).
1
Let d(f) = -171 + 339 - 173 + f**2 - 4*f. Suppose 2*b - 1 = 3*u, 3*b = 5*b - 2*u - 6. Suppose 3*r - b = r. Calculate d(r).
-5
Let g be 4/(-5)*(60/(-8))/3. Let w(i) = -5*i**2 + i**g - 4*i - 4 + 7*i**2 - 4*i**2. Determine w(-4).
-4
Let c be (12/(-10))/(6/(-50)). Let l(j) = -j**3 - 6 + 3 - 7*j + 2*j**2 + c*j. Calculate l(2).
3
Suppose 20 = -3*d + 110. Let f = d + -18. Suppose -4*p = 4*t - f, -5*p = -t + 14 - 5. Let k(i) = 5*i - 1. Calculate k(p).
-6
Let o be (-6)/(-4) - 2/4. Let s(f) = -5*f - 10*f**3 + o + 5*f - f**2 - 6*f**3. Calculate s(1).
-16
Let r(n) = -n**2 - 2*n + 1. Let l(p) = 3*p**2 + 5*p - 2. Let m(f) = 4*l(f) + 11*r(f). Give m(2).
3
Let o(t) be the first derivative of -t**5/20 - t**4/6 + t**3 + 3*t**2/2 - 3*t - 5. Let w(m) be the first derivative of o(m). Give w(-4).
11
Let h(x) = 3*x + 6. Let b(m) = -7*m - 13. Let f(y) = -4*b(y) - 9*h(y). Let z be f(10). Let g(k) = -2*k + 10. What is g(z)?
-6
Let h(k) = 11*k - 16 - 10*k + 0. Give h(0).
-16
Suppose 3*b + 3*x = x + 140, x = 2*b - 91. Let f(j) = -6*j**3 + b*j + 5*j**3 - 47*j + 5*j**2 + 4. Let r = 5 - 0. Give f(r).
-1
Let m(u) = u**3 + u**2 + u - 1. Suppose -j + 6 = 2. Suppose n = -p + 1, -2*p + j - 14 = -2*n. What is m(p)?
-7
Let m be ((-3)/2)/((-26)/208). Let i(a) = a**3 - 13*a**2 + 14*a - 17. Determine i(m).
7
Let f(g) = 13*g**2 + 5*g + 4. Let a(t) = 16*t**2 + 3*t + 3. Let h(o) = 4*a(o) - 5*f(o). Give h(-12).
4
Let u(a) = 11*a - 161. Let m(q) = 2*q - 28. Let n(i) = -34*m(i) + 6*u(i). Give n(-17).
20
Suppose 0 = 30*i + 13*i + 258. Let y(h) = 10*h - 18. Let s(d) = -3*d + 6. Let q(j) = -16*s(j) - 5*y(j). Calculate q(i).
6
Let p(x) = 8*x - 5*x - 2*x - 5*x - 9*x. Suppose 0 = 4*j + 1 + 3. Give p(j).
13
Let u(w) = w**2 - 5*w - 2. Let t be u(6). Suppose 3 = 4*q - h, -2*q - 3 = -q - t*h. Let v(r) = -9 + q + 8*r - 9*r. Calculate v(-7).
-1
Suppose 10 = 5*p, -2*d + d + 10 = p. Suppose 0 = z - d*z. Let i(o) = -o**2 - o - 2. What is i(z)?
-2
Let h(m) = m**2 + 3*m + 2. Let j be h(-3). Suppose 5 = 3*v + j*v. Let w(l) be the third derivative of l**5/4 - l**4/24 - 2*l**2. Determine w(v).
14
Let n(s) = -32*s. Let k = 929 - 928. Give n(k).
-32
Let v = 1600 + -1600. Let g(d) = -d**2 - 64. Calculate g(v).
-64
Let r(h) be the third derivative of -h**4/8 - 2*h**3/3 - 32*h**2 - 2. Calculate r(-3).
5
Let r(k) = -110*k + 223*k - 111*k. Let z = 9 - 10. Give r(z).
-2
Suppose -4*d = 4*z - 8 - 0, -2*d - z + 1 = 0. Let j(u) be the third derivative of -u**6/15 + u**4/12 + u**3/6 + u**2. Give j(d).
7
Suppose -10*c + 52 = -14*c. Let r = 1 + c. Let o be (1 + 3)*9/r. Let a(q) = q**3 + q**2 - 5*q - 4. Calculate a(o).
-7
Let k(g) = g**3 - 6*g**2 + 5*g - 6. Let n = 274 - 270. What is k(n)?
-18
Suppose 534*d + 5 = 529*d. Let k(c) = -24*c**2 - 2*c - 1. What is k(d)?
-23
Let a(n) = -22*n - 3. Let y(l) = -11*l - 2. Let b(v) = 3*a(v) - 5*y(v). Let x(z) = -11*z + 1. Let m(h) = 3*b(h) - 4*x(h). Give m(-1).
-12
Let o(j) = j**3 - 8*j**2 + 15*j - 11. Let i be 48/42*(-63)/(-12). Calculate o(i).
7
Let t(w) = w**2 + 13. Let m = -41 + 58. Suppose -m*z = -12*z. Determine t(z).
13
Suppose 3*u - 1 = -2*k + 5, 0 = -3*u + k + 6. Let c(g) = -5*g**2 + u*g**2 - 4*g**2. Let w = -179 + 180. Calculate c(w).
-7
Let p(v) be the third derivative of 1/120*v**6 + 1/30*v**5 + 8*v**2 - 1/6*v**3 + 0*v**4 + 0*v + 0. Calculate p(1).
2
Let d = 160 - 153. Let c(g) = -g**3 + 7*g**2 - 1. Determine c(d).
-1
Let p(j) be the first derivative of -j**4/4 + 19*j**3/3 - j**2/2 + 25*j - 97. Calculate p(19).
6
Let r(p) = 11303*p**3 + 3*p - 2*p**2 - 2 - 5651*p**3 - 5656*p**3. Give r(1).
-5
Let m(w) = -w**3 + 13*w**2 - 12*w + 8. Let n = 113 - 101. What is m(n)?
8
Let r = 306 - 302. Let n(y) = y**2 + 1 - 3*y - 4*y - y. Let b(f) = 3*f**2 - 23*f + 2. Let v(s) = -4*b(s) + 11*n(s). What is v(r)?
3
Let g(a) = 7 - 6 + 0 + a**2. Let n(r) = -11*r**2 - r - 3. Let y(p) = 3*g(p) + n(p). Give y(-1).
-7
Let u(k) = -k**2 + 11. Suppose s = -4*y + 15, -7*s + 10 = 4*y - 5*s. Determine u(y).
-14
Let f be (-78)/24 + 6/24. Let g(p) = p - 1. Calculate g(f).
-4
Let g(h) be the second derivative of -h**4/12 + 4*h**3/3 - 3*h**2 - 144*h. Calculate g(7).
1
Suppose -5*l = 5*p + 65, -2*p = 2*p + 3*l + 57. Let i = 12 + p. Let y(o) = o**2 + 9*o + 1. Calculate y(i).
-17
Suppose -5 = -8*u - 45. Let p(h) be the second derivative of -h**4/12 - h**3/2 + 5*h**2/2 + 4*h. Determine p(u).
-5
Let t(y) be the second derivative of y**4/6 + y**3/6 + 7*y**2/2 - 676*y. What is t(-4)?
35
Let i be (-15)/6*((-18)/10 + 3). Let x(c) = -7*c**2 - 9*c. Let s(k) be the second derivative of k**4/4 + 2*k**3/3 - k. Let u(j) = 5*s(j) + 2*x(j). Give u(i).
3
Let w(y) = 8*y - 17 - 13 - y**2 + 19. Determine w(6).
1
Let g(l) = -l**3 - 71*l**2 - 71*l - 68. Let m be g(-70). Let u(p) be the third derivative of -p**2 + 1/6*p**4 + 0*p + 0*p**3 + 0. What is u(m)?
8
Let f(z) = -2*z + 2. Suppose 2*x - 1 = -3*n, -2*x + n = -4*n - 9. Suppose -3*y = t - 0*t, 4*t - x*y = 28. Determine f(t).
-10
L